 18. What is n(w)?
22
Let y(j) = 4*j + 1 + 4 + 1. Calculate y(-5).
-14
Let g = -269 + 273. Let q(n) = n**3 - 3*n**2 - 2*n - 2. Determine q(g).
6
Suppose z + 45 = -0*z - v, 0 = -z + 4*v - 35. Let o = 37 + z. Let t(j) = -j**2 - 5*j + 7. Calculate t(o).
1
Let y = 5 - 1. Let o(f) = -f**3 + 5*f**2 + 3*f - 3. Let p(k) = k**3 - 5*k**2 - 4*k + 4. Let w(u) = 5*o(u) + 4*p(u). Give w(y).
13
Let d(s) = 916*s - 914*s - 8 + 3. Suppose 16*r - 55 = 5*r. Calculate d(r).
5
Let i = 14 - 18. Let b be 16/28*(-14)/i. Let z(g) be the first derivative of 2*g**3/3 - g**2/2 + g - 1. Calculate z(b).
7
Suppose 2*t = -1 - 9. Let z(k) = -k**3 - 7*k**2 - 4*k + 3. Determine z(t).
-27
Let y(a) = a**2 + 11*a + 8. Suppose 264 = -l - 21*l. Calculate y(l).
20
Let j be 40/(-30)*6/2. Let d(w) = -w**3 - 2*w**2 + w - 5. Determine d(j).
23
Let o = 25 - 25. Let z be (2/3)/((-8)/(-36)). Let a(x) = -x**2 + 0*x - 4 - z*x + 4*x + x**3 + 0*x. Calculate a(o).
-4
Let f be 2/(-7) + 32/14. Let b(q) = -4*q - 2 + 3*q + f*q. Let k be (4 - -1) + 30*(-21)/63. What is b(k)?
-7
Let j(s) = -1. Let y(x) = -x + 9. Let q(z) = j(z) + y(z). What is q(6)?
2
Let r(n) = 3*n + 17. Let x be (-150)/18 - (-24)/18. Calculate r(x).
-4
Let p(l) be the third derivative of -l**6/120 + l**4/8 + l**3/6 - 83*l**2. Give p(3).
-17
Let x(a) = -2*a**3 - 25*a**2 + 12*a - 6. Let z(t) = 3*t**3 + 47*t**2 - 25*t + 12. Let d(w) = 5*x(w) + 3*z(w). Give d(15).
6
Let x(q) = -2*q. Let i = 15 + 3. Let b be (-30)/(-9)*27/i. What is x(b)?
-10
Let m(k) = 12*k - 1. Suppose 7 = -3*x + 10*x. Suppose -6 + x = 5*d. Calculate m(d).
-13
Let p(u) = 2*u**3 - 6*u**2 + 6*u**2 - u. Let o(h) = 15*h**2 - 50*h + 13. Let n be o(3). Determine p(n).
-14
Let i(t) = -12*t + 1. Let r be (-3)/2 + 90/12. Let f = 6 - r. Suppose 0 = 2*d - 2 - f. Determine i(d).
-11
Let x be ((-21)/14)/((-3)/(-20)). Let z(j) = -j**3 - 11*j**2 - 8*j + 23. Let a be z(x). Let f(k) = k**3 - 4*k**2 + 3*k + 1. Determine f(a).
1
Let h(x) = -7 + 22 + 6*x - 8*x + 9*x - 12. Give h(-5).
-32
Let c(w) be the first derivative of -4*w**2 + 0*w**2 - 3*w + 3*w**2 + 11. Determine c(3).
-9
Let h be -12 - ((-7 - -3) + -1). Let y(s) = s**3 - s**2 + s. Let d(q) = -7*q**3 - 5. Let r(g) = -d(g) - 6*y(g). Determine r(h).
-2
Suppose -5*z + 18 = -2*z. Let i = 8 + -5. Let s(m) = 0 - i + 3 + 3*m. What is s(z)?
18
Let w(q) = 7*q - 2. Let j be w(1). Suppose j*y + 23 = 8. Let t(c) = -c**2 + c + 2. Determine t(y).
-10
Let v(h) = -h**2 + 16*h - 1. Suppose -3*k + 33 = -3*m, -45*k + m - 21 = -46*k. What is v(k)?
-1
Suppose -5*m = 5560 - 5570. Let l(s) = 8*s - 10. Calculate l(m).
6
Let f(d) = -57*d + 168. Let b be f(3). Let i(a) = -a**2 - 6*a - 18. Determine i(b).
-9
Let q = 0 + 2. Suppose 0 = q*r + 6 - 4. Let f(i) be the first derivative of -3*i**4/2 - i**3/3 + i**2/2 + i - 199. Give f(r).
5
Let f(v) be the first derivative of 4*v**3 - 3*v**2 - 18*v + 30. Let q(i) = -7*i**2 + 3*i + 9. Let o(p) = 3*f(p) + 5*q(p). What is o(7)?
19
Suppose a = 3*l + 2*l - 121, -2*l + 30 = -5*a. Let j = -22 + l. Suppose -j*p - 27 = -6. Let y(v) = -v - 8. Calculate y(p).
-1
Let c(l) = -l**2 + 5*l - 4. Let o(s) = s**2 - 5*s + 4. Let u(j) = 6*c(j) + 7*o(j). Calculate u(7).
18
Let q be 5*-1 - (4 - 5). Let h(x) be the first derivative of -3*x**2 - 6*x - 9. What is h(q)?
18
Let y(i) = i**2 - 25*i + 1. Let x(s) = 2*s**2 - 44*s + 2. Let w(h) = -3*x(h) + 5*y(h). Let f = 3 + 3. What is w(f)?
5
Let k(t) = 7*t**2 + t - 9. Let o(f) = -9*f**2 - f + 10. Let p(h) = -4*k(h) - 3*o(h). What is p(-6)?
-24
Let r(s) = s**2 - 7*s + 4. Suppose 2*g - i - 2*i = 18, 5*i = 3*g - 28. What is r(g)?
-2
Let a(g) be the first derivative of -g**4/4 - 8*g**3/3 - 5*g**2/2 - g + 222. What is a(-4)?
-45
Let z(t) be the third derivative of t**4/8 - 29*t**3/3 - 542*t**2. What is z(20)?
2
Let m(s) = -2*s. Let r(p) = -p**2 - 12*p + 12. Let a(d) = m(d) + r(d). Give a(-15).
-3
Let v = 127 + -124. Let n(f) = -f**3 + 3*f**2 + 4. Give n(v).
4
Suppose 3*r - k + 24 = 0, -3*r - 20 = -3*k - 2. Let y(g) = 7*g. Let c(l) = -3*l - 1. Let m(o) = r*c(o) - 4*y(o). Determine m(9).
0
Let c(x) be the third derivative of -7*x**6/60 - x**5/60 + x**4/24 - 2*x**2 - 27*x. What is c(1)?
-14
Let x = 36 + -44. Let f(b) = -b + 2. What is f(x)?
10
Let o(g) = -3*g + 1. Suppose -3*p - 6 = -6*p. Suppose 0*r + r + p = 3*c, 6 = -c + 2*r. Determine o(c).
-5
Let p = -49 - -46. Let r be (6/18)/((-1)/(-6)). Let s(j) = 1 + 2 - j**r + 4*j - 6*j. Give s(p).
0
Let h(c) be the second derivative of -c**5/20 - c**4/4 - 2*c**3/3 + c - 27. Suppose 4*s = -s + 5. Suppose 5 + s = 3*r + 5*p, -2*p - 9 = 5*r. Determine h(r).
12
Let t(d) = d + 10. Let h be t(-8). Let g(r) = 2 + h - 14 + r**2 - 6*r + 4. What is g(6)?
-6
Let x(a) be the first derivative of -a**4/4 - a**3 + 3*a**2 - 7*a + 81. Suppose 3*r - 2*m = -268, 4*r - 3*m - 8 = -367. Let y be 2/(-9) + r/18. What is x(y)?
13
Let m(a) = -3*a - 1. Let f(u) = 18 - 16 + 0*u + 7*u. Let d(t) = -6*f(t) - 13*m(t). Calculate d(2).
-5
Let f(h) = 2*h**2 + 7*h - 17. Let p be 16/128 + 228/(-32). Give f(p).
32
Let s(r) = -7*r**3 + 2*r + 2. Let h(w) = 2*w**2 - 39*w - 21. Let b be h(20). Determine s(b).
7
Let k be (3/(-2) - -1)*(8 - 10). Let h(d) = 8 + 6*d**2 + d + d**3 - 7*d**2 - 9. Give h(k).
0
Let b(h) = -7*h**2 + 4*h + 12. Let j(l) = 6*l**2 - 5*l - 12. Let g(o) = 5*b(o) + 6*j(o). Let m be g(11). Let y(f) = -10*f + 0 + 9*f + 1 - 3. Calculate y(m).
-1
Let b(y) = 4*y**2 - 10*y + 19. Let x(g) = -11*g**2 + 30*g - 54. Let i(m) = 8*b(m) + 3*x(m). What is i(7)?
11
Suppose 2*s + 3 = -5*k, -4*k - 5*s = -8*k + 24. Let j(f) = k + f + 3*f - f. Let i be (6 + 190/(-35))/((-4)/14). Determine j(i).
-5
Let n(i) = -i**3 + 5*i**2 - 5*i + 4. Suppose 0*g + 11 = 4*u + 3*g, -5*u + 22 = g. What is n(u)?
-21
Let x(r) = r**2 - 2. Let f(o) = o**3 - 10*o**2 + 9*o + 10. Let m(i) = -f(i) - 2*x(i). What is m(7)?
-20
Let x(o) be the first derivative of -1/4*o**4 + 20 + o - 2*o**3 + 4*o**2. What is x(-7)?
-6
Let i(z) = z**2 - 5*z - 2. Let q be i(6). Let s be (-4380)/(-48) - ((-10)/(-8) - 2). Let c(h) = -s*h**2 - 4 + 181*h**2 + 4*h - 86*h**2 - h**3. Calculate c(q).
-4
Let i(w) = -w + 1. Let k(f) = 1. Let o(b) = -6*i(b) + 5*k(b). Let q be o(1). Let v(y) = y + 4. Calculate v(q).
9
Suppose -n + 23 = -4*w, -w = w + 8. Let z(p) = p**2 - 5*p - 5. What is z(n)?
9
Let g(j) = j**3 - 11*j**2 + 10*j + 2. Let o be g(10). Let t = -9 + 29. Suppose -o*u + t = -6*u. Let v(c) = c**3 + 6*c**2 + 5*c - 7. Determine v(u).
-7
Let v(y) = -3*y + y**3 - 8 + 3*y + 6*y**2 - y - 6*y. What is v(-7)?
-8
Let u be -2*1/(-2) + -5. Let h be (-2)/(45/(-210) - 4/14). Let m = h + u. Let l(z) = z**3 + z + 4. What is l(m)?
4
Let c(p) be the first derivative of p**3/3 + 5*p**2/2 - 4*p - 10. What is c(-5)?
-4
Let u(l) = -7*l**2 + 5*l - 5. Let j(v) = 4*v**2 - 2*v + 3. Let i(n) = -5*j(n) - 3*u(n). What is i(4)?
-4
Let v(r) = 20*r + 13*r + 7*r - r - 7 - 21*r. Give v(3).
47
Let a = -7 + 4. Let n be 1/a - (-40)/12. Let x(b) be the third derivative of -b**6/120 + b**5/20 + b**4/12 - b**3/2 + 139*b**2. What is x(n)?
3
Let q(t) = -14*t + 9. Let g(s) = -9*s + 6. Let c(a) = 8*g(a) - 5*q(a). Let o(d) = -3*d + 4. Let m(r) = 4*c(r) - 3*o(r). Calculate m(4).
4
Let f(o) = 4*o - 1. Let s(x) = -x**3 + 4*x**2 + 6*x - 2. Let q be s(6). Let h = q - -35. What is f(h)?
-13
Let m(w) = -w**2 + 4*w + 3. Let i be m(4). Suppose 4 = l, 2*b - i*l + 2*l = 0. Let o(c) = -3*c**3 - 8 + c - 3 + 4*c**3 - b*c**3. Determine o(0).
-11
Let u(v) = v**3 - 15*v**2 + 19*v - 61. Let f be u(14). Let k(t) = t**2 - 7*t + 4. Calculate k(f).
22
Let h(f) = 11*f + 2*f**3 + f**3 + 3*f**2 + 2*f**3 + 1 - 6*f**3. Determine h(5).
6
Let b(q) be the first derivative of q**2 + 7*q + 195. What is b(4)?
15
Let v(x) = -x**2 + 13*x + 38. Let k be v(14). Let r be 2*-2*1/(-4). Let j be r + k/4 - 3. Let c(u) = -u - 4. Give c(j).
-8
Let d(w) = w**3 + 3*w**2 - 4*w + 17. Let o(z) = -4*z**2 + 65*z - 66. Let h be o(1). Calculate d(h).
-13
Let x(a) = -5*a + 29. Let l be x(5). Let y(q) = 3*q**2 + 12*q - 9. Let p(g) = 2*g**2 + 6*g - 5. Let z(h) = -5*p(h) + 3*y(h). Determine z(l).
6
Let b be (-38)/(-4) + 1/2. Let f(s) = -s**2 - 10*s. Let k(u) = 5*u**2 + 40*u. Let t(m) = -9*f(m) - 2*k(m). Determine t(b).
0
Let y(l) = 12*l**3 + 2*l**2 - 5*l - 4. Let q(h) = -14*h**3 - 3*h**2 + 7*h + 5. Let d(o) = 3*q(o) + 4*y(o). Determine d(1).
5
Let o 